[INFO] fetching crate bytemuck_derive 1.4.1...
[INFO] checking bytemuck_derive-1.4.1 against master#9610dfe5a9a731ced1ea4923ecbd0c57fe367898 for beta-170-4
[INFO] extracting crate bytemuck_derive 1.4.1 into /workspace/builds/worker-0-tc1/source
[INFO] validating manifest of crates.io crate bytemuck_derive 1.4.1 on toolchain 9610dfe5a9a731ced1ea4923ecbd0c57fe367898
[INFO] running `Command { std: CARGO_HOME="/workspace/cargo-home" RUSTUP_HOME="/workspace/rustup-home" "/workspace/cargo-home/bin/cargo" "+9610dfe5a9a731ced1ea4923ecbd0c57fe367898" "metadata" "--manifest-path" "Cargo.toml" "--no-deps", kill_on_drop: false }`
[INFO] started tweaking crates.io crate bytemuck_derive 1.4.1
[INFO] finished tweaking crates.io crate bytemuck_derive 1.4.1
[INFO] tweaked toml for crates.io crate bytemuck_derive 1.4.1 written to /workspace/builds/worker-0-tc1/source/Cargo.toml
[INFO] running `Command { std: CARGO_HOME="/workspace/cargo-home" RUSTUP_HOME="/workspace/rustup-home" __CARGO_TEST_CHANNEL_OVERRIDE_DO_NOT_USE_THIS="nightly" "/workspace/cargo-home/bin/cargo" "+9610dfe5a9a731ced1ea4923ecbd0c57fe367898" "generate-lockfile" "--manifest-path" "Cargo.toml" "-Zno-index-update", kill_on_drop: false }`
[INFO] running `Command { std: CARGO_HOME="/workspace/cargo-home" RUSTUP_HOME="/workspace/rustup-home" "/workspace/cargo-home/bin/cargo" "+9610dfe5a9a731ced1ea4923ecbd0c57fe367898" "fetch" "--manifest-path" "Cargo.toml", kill_on_drop: false }`
[INFO] running `Command { std: "docker" "create" "-v" "/var/lib/crater-agent-workspace/builds/worker-0-tc1/target:/opt/rustwide/target:rw,Z" "-v" "/var/lib/crater-agent-workspace/builds/worker-0-tc1/source:/opt/rustwide/workdir:ro,Z" "-v" "/var/lib/crater-agent-workspace/cargo-home:/opt/rustwide/cargo-home:ro,Z" "-v" "/var/lib/crater-agent-workspace/rustup-home:/opt/rustwide/rustup-home:ro,Z" "-e" "SOURCE_DIR=/opt/rustwide/workdir" "-e" "CARGO_TARGET_DIR=/opt/rustwide/target" "-e" "CARGO_HOME=/opt/rustwide/cargo-home" "-e" "RUSTUP_HOME=/opt/rustwide/rustup-home" "-w" "/opt/rustwide/workdir" "-m" "1610612736" "--user" "0:0" "--network" "none" "ghcr.io/rust-lang/crates-build-env/linux@sha256:19e73879b68f455e41552ea35293514db52ea292d993f571636dbffedb77a1ee" "/opt/rustwide/cargo-home/bin/cargo" "+9610dfe5a9a731ced1ea4923ecbd0c57fe367898" "metadata" "--no-deps" "--format-version=1", kill_on_drop: false }`
[INFO] [stdout] 74224bbd7b1e4ce917efd1ae70e2c0b4552a60e9c167255e9c62985e68f81dbf
[INFO] running `Command { std: "docker" "start" "-a" "74224bbd7b1e4ce917efd1ae70e2c0b4552a60e9c167255e9c62985e68f81dbf", kill_on_drop: false }`
[INFO] running `Command { std: "docker" "inspect" "74224bbd7b1e4ce917efd1ae70e2c0b4552a60e9c167255e9c62985e68f81dbf", kill_on_drop: false }`
[INFO] running `Command { std: "docker" "rm" "-f" "74224bbd7b1e4ce917efd1ae70e2c0b4552a60e9c167255e9c62985e68f81dbf", kill_on_drop: false }`
[INFO] [stdout] 74224bbd7b1e4ce917efd1ae70e2c0b4552a60e9c167255e9c62985e68f81dbf
[INFO] running `Command { std: "docker" "create" "-v" "/var/lib/crater-agent-workspace/builds/worker-0-tc1/target:/opt/rustwide/target:rw,Z" "-v" "/var/lib/crater-agent-workspace/builds/worker-0-tc1/source:/opt/rustwide/workdir:ro,Z" "-v" "/var/lib/crater-agent-workspace/cargo-home:/opt/rustwide/cargo-home:ro,Z" "-v" "/var/lib/crater-agent-workspace/rustup-home:/opt/rustwide/rustup-home:ro,Z" "-e" "SOURCE_DIR=/opt/rustwide/workdir" "-e" "CARGO_TARGET_DIR=/opt/rustwide/target" "-e" "CARGO_INCREMENTAL=0" "-e" "RUST_BACKTRACE=full" "-e" "RUSTFLAGS=--cap-lints=forbid" "-e" "RUSTDOCFLAGS=--cap-lints=forbid" "-e" "CARGO_HOME=/opt/rustwide/cargo-home" "-e" "RUSTUP_HOME=/opt/rustwide/rustup-home" "-w" "/opt/rustwide/workdir" "-m" "1610612736" "--user" "0:0" "--network" "none" "ghcr.io/rust-lang/crates-build-env/linux@sha256:19e73879b68f455e41552ea35293514db52ea292d993f571636dbffedb77a1ee" "/opt/rustwide/cargo-home/bin/cargo" "+9610dfe5a9a731ced1ea4923ecbd0c57fe367898" "check" "--frozen" "--all" "--all-targets" "--message-format=json", kill_on_drop: false }`
[INFO] [stdout] 61b6d12f9dc0dc169e479cdfbd6d91292de9434d10443a4d6a3c8f8b214d9034
[INFO] running `Command { std: "docker" "start" "-a" "61b6d12f9dc0dc169e479cdfbd6d91292de9434d10443a4d6a3c8f8b214d9034", kill_on_drop: false }`
[INFO] [stderr]     Checking syn v2.0.18
[INFO] [stderr]    Compiling bytemuck_derive v1.4.1 (/opt/rustwide/workdir)
[INFO] [stdout] error[E0432]: unresolved import `bytemuck`
[INFO] [stdout]  --> tests/basic.rs:3:5
[INFO] [stdout]   |
[INFO] [stdout] 3 | use bytemuck::{
[INFO] [stdout]   |     ^^^^^^^^ use of undeclared crate or module `bytemuck`
[INFO] [stdout] 
[INFO] [stdout] 
[INFO] [stdout] error[E0433]: failed to resolve: use of undeclared crate or module `bytemuck`
[INFO] [stdout]    --> tests/basic.rs:281:23
[INFO] [stdout]     |
[INFO] [stdout] 281 | #[derive(Copy, Clone, bytemuck::Pod, bytemuck::Zeroable)]
[INFO] [stdout]     |                       ^^^^^^^^ use of undeclared crate or module `bytemuck`
[INFO] [stdout] 
[INFO] [stdout] 
[INFO] [stdout] error[E0433]: failed to resolve: use of undeclared crate or module `bytemuck`
[INFO] [stdout]    --> tests/basic.rs:281:38
[INFO] [stdout]     |
[INFO] [stdout] 281 | #[derive(Copy, Clone, bytemuck::Pod, bytemuck::Zeroable)]
[INFO] [stdout]     |                                      ^^^^^^^^ use of undeclared crate or module `bytemuck`
[INFO] [stdout] 
[INFO] [stdout] 
[INFO] [stdout] error: cannot determine resolution for the derive macro `Pod`
[INFO] [stdout]  --> tests/basic.rs:9:23
[INFO] [stdout]   |
[INFO] [stdout] 9 | #[derive(Copy, Clone, Pod, Zeroable)]
[INFO] [stdout]   |                       ^^^
[INFO] [stdout]   |
[INFO] [stdout]   = note: import resolution is stuck, try simplifying macro imports
[INFO] [stdout] 
[INFO] [stdout] 
[INFO] [stdout] error: cannot determine resolution for the derive macro `Zeroable`
[INFO] [stdout]  --> tests/basic.rs:9:28
[INFO] [stdout]   |
[INFO] [stdout] 9 | #[derive(Copy, Clone, Pod, Zeroable)]
[INFO] [stdout]   |                            ^^^^^^^^
[INFO] [stdout]   |
[INFO] [stdout]   = note: import resolution is stuck, try simplifying macro imports
[INFO] [stdout] 
[INFO] [stdout] 
[INFO] [stdout] error: cannot determine resolution for the derive macro `Pod`
[INFO] [stdout]   --> tests/basic.rs:16:10
[INFO] [stdout]    |
[INFO] [stdout] 16 | #[derive(Pod, Zeroable)]
[INFO] [stdout]    |          ^^^
[INFO] [stdout]    |
[INFO] [stdout]    = note: import resolution is stuck, try simplifying macro imports
[INFO] [stdout] 
[INFO] [stdout] 
[INFO] [stdout] error: cannot determine resolution for the derive macro `Zeroable`
[INFO] [stdout]   --> tests/basic.rs:16:15
[INFO] [stdout]    |
[INFO] [stdout] 16 | #[derive(Pod, Zeroable)]
[INFO] [stdout]    |               ^^^^^^^^
[INFO] [stdout]    |
[INFO] [stdout]    = note: import resolution is stuck, try simplifying macro imports
[INFO] [stdout] 
[INFO] [stdout] 
[INFO] [stdout] error: cannot determine resolution for the derive macro `Pod`
[INFO] [stdout]   --> tests/basic.rs:32:10
[INFO] [stdout]    |
[INFO] [stdout] 32 | #[derive(Pod, Zeroable)]
[INFO] [stdout]    |          ^^^
[INFO] [stdout]    |
[INFO] [stdout]    = note: import resolution is stuck, try simplifying macro imports
[INFO] [stdout] 
[INFO] [stdout] 
[INFO] [stdout] error: cannot determine resolution for the derive macro `Zeroable`
[INFO] [stdout]   --> tests/basic.rs:32:15
[INFO] [stdout]    |
[INFO] [stdout] 32 | #[derive(Pod, Zeroable)]
[INFO] [stdout]    |               ^^^^^^^^
[INFO] [stdout]    |
[INFO] [stdout]    = note: import resolution is stuck, try simplifying macro imports
[INFO] [stdout] 
[INFO] [stdout] 
[INFO] [stdout] error: cannot determine resolution for the derive macro `Zeroable`
[INFO] [stdout]   --> tests/basic.rs:48:10
[INFO] [stdout]    |
[INFO] [stdout] 48 | #[derive(Zeroable)]
[INFO] [stdout]    |          ^^^^^^^^
[INFO] [stdout]    |
[INFO] [stdout]    = note: import resolution is stuck, try simplifying macro imports
[INFO] [stdout] 
[INFO] [stdout] 
[INFO] [stdout] error: cannot determine resolution for the derive macro `TransparentWrapper`
[INFO] [stdout]   --> tests/basic.rs:53:10
[INFO] [stdout]    |
[INFO] [stdout] 53 | #[derive(TransparentWrapper)]
[INFO] [stdout]    |          ^^^^^^^^^^^^^^^^^^
[INFO] [stdout]    |
[INFO] [stdout]    = note: import resolution is stuck, try simplifying macro imports
[INFO] [stdout] 
[INFO] [stdout] 
[INFO] [stdout] error: cannot determine resolution for the derive macro `TransparentWrapper`
[INFO] [stdout]   --> tests/basic.rs:59:10
[INFO] [stdout]    |
[INFO] [stdout] 59 | #[derive(TransparentWrapper)]
[INFO] [stdout]    |          ^^^^^^^^^^^^^^^^^^
[INFO] [stdout]    |
[INFO] [stdout]    = note: import resolution is stuck, try simplifying macro imports
[INFO] [stdout] 
[INFO] [stdout] 
[INFO] [stdout] error: cannot find attribute `transparent` in this scope
[INFO] [stdout]   --> tests/basic.rs:61:3
[INFO] [stdout]    |
[INFO] [stdout] 61 | #[transparent(u16)]
[INFO] [stdout]    |   ^^^^^^^^^^^
[INFO] [stdout] 
[INFO] [stdout] 
[INFO] [stdout] error: cannot determine resolution for the derive macro `TransparentWrapper`
[INFO] [stdout]   --> tests/basic.rs:70:10
[INFO] [stdout]    |
[INFO] [stdout] 70 | #[derive(TransparentWrapper)]
[INFO] [stdout]    |          ^^^^^^^^^^^^^^^^^^
[INFO] [stdout]    |
[INFO] [stdout]    = note: import resolution is stuck, try simplifying macro imports
[INFO] [stdout] 
[INFO] [stdout] 
[INFO] [stdout] error: cannot find attribute `transparent` in this scope
[INFO] [stdout]   --> tests/basic.rs:72:3
[INFO] [stdout]    |
[INFO] [stdout] 72 | #[transparent(u16)]
[INFO] [stdout]    |   ^^^^^^^^^^^
[INFO] [stdout] 
[INFO] [stdout] 
[INFO] [stdout] error: cannot determine resolution for the derive macro `Contiguous`
[INFO] [stdout]   --> tests/basic.rs:76:23
[INFO] [stdout]    |
[INFO] [stdout] 76 | #[derive(Clone, Copy, Contiguous)]
[INFO] [stdout]    |                       ^^^^^^^^^^
[INFO] [stdout]    |
[INFO] [stdout]    = note: import resolution is stuck, try simplifying macro imports
[INFO] [stdout] 
[INFO] [stdout] 
[INFO] [stdout] error: cannot determine resolution for the derive macro `Contiguous`
[INFO] [stdout]   --> tests/basic.rs:86:23
[INFO] [stdout]    |
[INFO] [stdout] 86 | #[derive(Clone, Copy, Contiguous)]
[INFO] [stdout]    |                       ^^^^^^^^^^
[INFO] [stdout]    |
[INFO] [stdout]    = note: import resolution is stuck, try simplifying macro imports
[INFO] [stdout] 
[INFO] [stdout] 
[INFO] [stdout] error: cannot determine resolution for the derive macro `NoUninit`
[INFO] [stdout]   --> tests/basic.rs:95:23
[INFO] [stdout]    |
[INFO] [stdout] 95 | #[derive(Copy, Clone, NoUninit)]
[INFO] [stdout]    |                       ^^^^^^^^
[INFO] [stdout]    |
[INFO] [stdout]    = note: import resolution is stuck, try simplifying macro imports
[INFO] [stdout] 
[INFO] [stdout] 
[INFO] [stdout] error: cannot determine resolution for the derive macro `AnyBitPattern`
[INFO] [stdout]    --> tests/basic.rs:102:23
[INFO] [stdout]     |
[INFO] [stdout] 102 | #[derive(Copy, Clone, AnyBitPattern)]
[INFO] [stdout]     |                       ^^^^^^^^^^^^^
[INFO] [stdout]     |
[INFO] [stdout]     = note: import resolution is stuck, try simplifying macro imports
[INFO] [stdout] 
[INFO] [stdout] 
[INFO] [stdout] error: cannot determine resolution for the derive macro `NoUninit`
[INFO] [stdout]    --> tests/basic.rs:110:30
[INFO] [stdout]     |
[INFO] [stdout] 110 | #[derive(Debug, Clone, Copy, NoUninit, CheckedBitPattern, PartialEq, Eq)]
[INFO] [stdout]     |                              ^^^^^^^^
[INFO] [stdout]     |
[INFO] [stdout]     = note: import resolution is stuck, try simplifying macro imports
[INFO] [stdout] 
[INFO] [stdout] 
[INFO] [stdout] error: cannot determine resolution for the derive macro `CheckedBitPattern`
[INFO] [stdout]    --> tests/basic.rs:110:40
[INFO] [stdout]     |
[INFO] [stdout] 110 | #[derive(Debug, Clone, Copy, NoUninit, CheckedBitPattern, PartialEq, Eq)]
[INFO] [stdout]     |                                        ^^^^^^^^^^^^^^^^^
[INFO] [stdout]     |
[INFO] [stdout]     = note: import resolution is stuck, try simplifying macro imports
[INFO] [stdout] 
[INFO] [stdout] 
[INFO] [stdout] error: cannot determine resolution for the derive macro `NoUninit`
[INFO] [stdout]    --> tests/basic.rs:120:23
[INFO] [stdout]     |
[INFO] [stdout] 120 | #[derive(Clone, Copy, NoUninit, CheckedBitPattern)]
[INFO] [stdout]     |                       ^^^^^^^^
[INFO] [stdout]     |
[INFO] [stdout]     = note: import resolution is stuck, try simplifying macro imports
[INFO] [stdout] 
[INFO] [stdout] 
[INFO] [stdout] error: cannot determine resolution for the derive macro `CheckedBitPattern`
[INFO] [stdout]    --> tests/basic.rs:120:33
[INFO] [stdout]     |
[INFO] [stdout] 120 | #[derive(Clone, Copy, NoUninit, CheckedBitPattern)]
[INFO] [stdout]     |                                 ^^^^^^^^^^^^^^^^^
[INFO] [stdout]     |
[INFO] [stdout]     = note: import resolution is stuck, try simplifying macro imports
[INFO] [stdout] 
[INFO] [stdout] 
[INFO] [stdout] error: cannot determine resolution for the derive macro `NoUninit`
[INFO] [stdout]    --> tests/basic.rs:130:30
[INFO] [stdout]     |
[INFO] [stdout] 130 | #[derive(Debug, Clone, Copy, NoUninit, CheckedBitPattern, PartialEq, Eq)]
[INFO] [stdout]     |                              ^^^^^^^^
[INFO] [stdout]     |
[INFO] [stdout]     = note: import resolution is stuck, try simplifying macro imports
[INFO] [stdout] 
[INFO] [stdout] 
[INFO] [stdout] error: cannot determine resolution for the derive macro `CheckedBitPattern`
[INFO] [stdout]    --> tests/basic.rs:130:40
[INFO] [stdout]     |
[INFO] [stdout] 130 | #[derive(Debug, Clone, Copy, NoUninit, CheckedBitPattern, PartialEq, Eq)]
[INFO] [stdout]     |                                        ^^^^^^^^^^^^^^^^^
[INFO] [stdout]     |
[INFO] [stdout]     = note: import resolution is stuck, try simplifying macro imports
[INFO] [stdout] 
[INFO] [stdout] 
[INFO] [stdout] error: cannot determine resolution for the derive macro `NoUninit`
[INFO] [stdout]    --> tests/basic.rs:140:30
[INFO] [stdout]     |
[INFO] [stdout] 140 | #[derive(Debug, Clone, Copy, NoUninit, CheckedBitPattern, PartialEq, Eq)]
[INFO] [stdout]     |                              ^^^^^^^^
[INFO] [stdout]     |
[INFO] [stdout]     = note: import resolution is stuck, try simplifying macro imports
[INFO] [stdout] 
[INFO] [stdout] 
[INFO] [stdout] error: cannot determine resolution for the derive macro `CheckedBitPattern`
[INFO] [stdout]    --> tests/basic.rs:140:40
[INFO] [stdout]     |
[INFO] [stdout] 140 | #[derive(Debug, Clone, Copy, NoUninit, CheckedBitPattern, PartialEq, Eq)]
[INFO] [stdout]     |                                        ^^^^^^^^^^^^^^^^^
[INFO] [stdout]     |
[INFO] [stdout]     = note: import resolution is stuck, try simplifying macro imports
[INFO] [stdout] 
[INFO] [stdout] 
[INFO] [stdout] error: cannot determine resolution for the derive macro `NoUninit`
[INFO] [stdout]    --> tests/basic.rs:149:30
[INFO] [stdout]     |
[INFO] [stdout] 149 | #[derive(Debug, Copy, Clone, NoUninit, CheckedBitPattern, PartialEq, Eq)]
[INFO] [stdout]     |                              ^^^^^^^^
[INFO] [stdout]     |
[INFO] [stdout]     = note: import resolution is stuck, try simplifying macro imports
[INFO] [stdout] 
[INFO] [stdout] 
[INFO] [stdout] error: cannot determine resolution for the derive macro `CheckedBitPattern`
[INFO] [stdout]    --> tests/basic.rs:149:40
[INFO] [stdout]     |
[INFO] [stdout] 149 | #[derive(Debug, Copy, Clone, NoUninit, CheckedBitPattern, PartialEq, Eq)]
[INFO] [stdout]     |                                        ^^^^^^^^^^^^^^^^^
[INFO] [stdout]     |
[INFO] [stdout]     = note: import resolution is stuck, try simplifying macro imports
[INFO] [stdout] 
[INFO] [stdout] 
[INFO] [stdout] error: cannot determine resolution for the derive macro `AnyBitPattern`
[INFO] [stdout]    --> tests/basic.rs:156:30
[INFO] [stdout]     |
[INFO] [stdout] 156 | #[derive(Debug, Copy, Clone, AnyBitPattern, PartialEq, Eq)]
[INFO] [stdout]     |                              ^^^^^^^^^^^^^
[INFO] [stdout]     |
[INFO] [stdout]     = note: import resolution is stuck, try simplifying macro imports
[INFO] [stdout] 
[INFO] [stdout] 
[INFO] [stdout] error: cannot determine resolution for the derive macro `Pod`
[INFO] [stdout]    --> tests/basic.rs:175:38
[INFO] [stdout]     |
[INFO] [stdout] 175 |   Debug, Copy, Clone, PartialEq, Eq, Pod, Zeroable, TransparentWrapper,
[INFO] [stdout]     |                                      ^^^
[INFO] [stdout]     |
[INFO] [stdout]     = note: import resolution is stuck, try simplifying macro imports
[INFO] [stdout] 
[INFO] [stdout] 
[INFO] [stdout] error: cannot determine resolution for the derive macro `Zeroable`
[INFO] [stdout]    --> tests/basic.rs:175:43
[INFO] [stdout]     |
[INFO] [stdout] 175 |   Debug, Copy, Clone, PartialEq, Eq, Pod, Zeroable, TransparentWrapper,
[INFO] [stdout]     |                                           ^^^^^^^^
[INFO] [stdout]     |
[INFO] [stdout]     = note: import resolution is stuck, try simplifying macro imports
[INFO] [stdout] 
[INFO] [stdout] 
[INFO] [stdout] error: cannot determine resolution for the derive macro `TransparentWrapper`
[INFO] [stdout]    --> tests/basic.rs:175:53
[INFO] [stdout]     |
[INFO] [stdout] 175 |   Debug, Copy, Clone, PartialEq, Eq, Pod, Zeroable, TransparentWrapper,
[INFO] [stdout]     |                                                     ^^^^^^^^^^^^^^^^^^
[INFO] [stdout]     |
[INFO] [stdout]     = note: import resolution is stuck, try simplifying macro imports
[INFO] [stdout] 
[INFO] [stdout] 
[INFO] [stdout] error: cannot determine resolution for the derive macro `Pod`
[INFO] [stdout]    --> tests/basic.rs:190:38
[INFO] [stdout]     |
[INFO] [stdout] 190 |   Debug, Copy, Clone, PartialEq, Eq, Pod, Zeroable, TransparentWrapper,
[INFO] [stdout]     |                                      ^^^
[INFO] [stdout]     |
[INFO] [stdout]     = note: import resolution is stuck, try simplifying macro imports
[INFO] [stdout] 
[INFO] [stdout] 
[INFO] [stdout] error: cannot determine resolution for the derive macro `Zeroable`
[INFO] [stdout]    --> tests/basic.rs:190:43
[INFO] [stdout]     |
[INFO] [stdout] 190 |   Debug, Copy, Clone, PartialEq, Eq, Pod, Zeroable, TransparentWrapper,
[INFO] [stdout]     |                                           ^^^^^^^^
[INFO] [stdout]     |
[INFO] [stdout]     = note: import resolution is stuck, try simplifying macro imports
[INFO] [stdout] 
[INFO] [stdout] 
[INFO] [stdout] error: cannot determine resolution for the derive macro `TransparentWrapper`
[INFO] [stdout]    --> tests/basic.rs:190:53
[INFO] [stdout]     |
[INFO] [stdout] 190 |   Debug, Copy, Clone, PartialEq, Eq, Pod, Zeroable, TransparentWrapper,
[INFO] [stdout]     |                                                     ^^^^^^^^^^^^^^^^^^
[INFO] [stdout]     |
[INFO] [stdout]     = note: import resolution is stuck, try simplifying macro imports
[INFO] [stdout] 
[INFO] [stdout] 
[INFO] [stdout] error[E0433]: failed to resolve: use of undeclared crate or module `bytemuck`
[INFO] [stdout]    --> tests/basic.rs:204:5
[INFO] [stdout]     |
[INFO] [stdout] 204 |     bytemuck::checked::from_bytes::<CheckedBitPatternEnumWithValues>(&[2u8]);
[INFO] [stdout]     |     ^^^^^^^^ use of undeclared crate or module `bytemuck`
[INFO] [stdout] 
[INFO] [stdout] 
[INFO] [stdout] error[E0433]: failed to resolve: use of undeclared crate or module `bytemuck`
[INFO] [stdout]    --> tests/basic.rs:217:5
[INFO] [stdout]     |
[INFO] [stdout] 217 |     bytemuck::checked::from_bytes::<CheckedBitPatternEnumNonContiguous>(&[
[INFO] [stdout]     |     ^^^^^^^^ use of undeclared crate or module `bytemuck`
[INFO] [stdout] 
[INFO] [stdout] 
[INFO] [stdout] error[E0433]: failed to resolve: use of undeclared crate or module `bytemuck`
[INFO] [stdout]    --> tests/basic.rs:232:5
[INFO] [stdout]     |
[INFO] [stdout] 232 |     bytemuck::checked::cast_slice::<u8, CheckedBitPatternEnumByteLit>(b"CAB");
[INFO] [stdout]     |     ^^^^^^^^ use of undeclared crate or module `bytemuck`
[INFO] [stdout] 
[INFO] [stdout] 
[INFO] [stdout] error[E0433]: failed to resolve: use of undeclared crate or module `bytemuck`
[INFO] [stdout]    --> tests/basic.rs:246:13
[INFO] [stdout]     |
[INFO] [stdout] 246 |   let res = bytemuck::checked::try_from_bytes::<CheckedBitPatternStruct>(&pod);
[INFO] [stdout]     |             ^^^^^^^^ use of undeclared crate or module `bytemuck`
[INFO] [stdout] 
[INFO] [stdout] 
[INFO] [stdout] error[E0433]: failed to resolve: use of undeclared crate or module `bytemuck`
[INFO] [stdout]    --> tests/basic.rs:253:13
[INFO] [stdout]     |
[INFO] [stdout] 253 |   let res = bytemuck::checked::from_bytes::<CheckedBitPatternStruct>(&pod);
[INFO] [stdout]     |             ^^^^^^^^ use of undeclared crate or module `bytemuck`
[INFO] [stdout] 
[INFO] [stdout] 
[INFO] [stdout] error[E0433]: failed to resolve: use of undeclared crate or module `bytemuck`
[INFO] [stdout]    --> tests/basic.rs:269:13
[INFO] [stdout]     |
[INFO] [stdout] 269 |   let res = bytemuck::checked::try_pod_read_unaligned::<
[INFO] [stdout]     |             ^^^^^^^^ use of undeclared crate or module `bytemuck`
[INFO] [stdout] 
[INFO] [stdout] 
[INFO] [stdout] error[E0433]: failed to resolve: use of undeclared crate or module `bytemuck`
[INFO] [stdout]    --> tests/basic.rs:275:13
[INFO] [stdout]     |
[INFO] [stdout] 275 |   let res = bytemuck::checked::try_pod_read_unaligned::<
[INFO] [stdout]     |             ^^^^^^^^ use of undeclared crate or module `bytemuck`
[INFO] [stdout] 
[INFO] [stdout] 
[INFO] [stdout] error[E0433]: failed to resolve: use of undeclared crate or module `bytemuck`
[INFO] [stdout]   --> tests/basic.rs:49:23
[INFO] [stdout]    |
[INFO] [stdout] 49 | struct ZeroGeneric<T: bytemuck::Zeroable> {
[INFO] [stdout]    |                       ^^^^^^^^ use of undeclared crate or module `bytemuck`
[INFO] [stdout] 
[INFO] [stdout] 
[INFO] [stdout] error: aborting due to 44 previous errors
[INFO] [stdout] 
[INFO] [stdout] 
[INFO] [stdout] Some errors have detailed explanations: E0432, E0433.
[INFO] [stdout] 
[INFO] [stdout] For more information about an error, try `rustc --explain E0432`.
[INFO] [stdout] 
[INFO] [stderr] error: could not compile `bytemuck_derive` (test "basic") due to 45 previous errors
[INFO] [stderr] warning: build failed, waiting for other jobs to finish...
[INFO] running `Command { std: "docker" "inspect" "61b6d12f9dc0dc169e479cdfbd6d91292de9434d10443a4d6a3c8f8b214d9034", kill_on_drop: false }`
[INFO] running `Command { std: "docker" "rm" "-f" "61b6d12f9dc0dc169e479cdfbd6d91292de9434d10443a4d6a3c8f8b214d9034", kill_on_drop: false }`
[INFO] [stdout] 61b6d12f9dc0dc169e479cdfbd6d91292de9434d10443a4d6a3c8f8b214d9034
